in base 8?
44036
Convert -7394 (base 12) to base 8.
-30540
-12 (base 11) to base 12
-11
Convert 535 (base 14) to base 6.
4431
What is 2358 (base 13) in base 7?
20334
Convert -8836 (base 11) to base 13.
-53c7
What is 10866 (base 9) in base 10?
7269
What is 2002112012 (base 3) in base 9?
62465
-2771 (base 9) to base 6
-13401
Convert 483 (base 10) to base 16.
1e3
What is -5152 (base 11) in base 15?
-2058
-373 (base 11) to base 12
-30b
What is 1805 (base 10) in base 4?
130031
3eb (base 15) to base 12
628
-10111110000100 (base 2) to base 5
-342124
-65340 (base 7) to base 16
-3fa8
11010 (base 2) to base 5
101
103200 (base 4) to base 7
3432
714 (base 12) to base 13
60a
22043 (base 5) to base 11
1165
What is 14198 (base 12) in base 4?
12310010
21102 (base 3) to base 6
532
Convert 3323 (base 6) to base 5.
11041
What is -31011 (base 4) in base 14?
-43b
255235 (base 7) to base 5
3004313
221201112 (base 3) to base 14
6b96
Convert -1003002 (base 4) to base 7.
-15336
-a20 (base 14) to base 3
-2201122
What is -21b3 (base 13) in base 7?
-16505
Convert 550 (base 13) to base 10.
910
8190 (base 12) to base 9
21270
What is 3244 (base 6) in base 8?
1354
Convert 9a80 (base 13) to base 3.
1002120210
What is 45153 (base 6) in base 12?
37b9
Convert -1510235 (base 6) to base 7.
-511301
Convert -69c (base 14) to base 3.
-1210200
b25 (base 14) to base 2
100010001101
What is 14342 (base 5) in base 12?
85a
Convert 14723 (base 9) to base 11.
7620
What is 294 (base 16) in base 6?
3020
What is 2001 (base 5) in base 16?
fb
What is -4032 (base 13) in base 3?
-110010000
Convert -4451 (base 6) to base 10.
-1039
Convert 1c10 (base 15) to base 6.
44110
Convert -4075 (base 12) to base 15.
-211b
-144060 (base 7) to base 6
-332453
Convert b600 (base 12) to base 16.
4da0
11302032 (base 4) to base 2
101110010001110
c4c (base 13) to base 3
2212111
7bc (base 16) to base 13
b94
23520 (base 6) to base 7
13002
Convert -999 (base 10) to base 2.
-1111100111
12222 (base 5) to base 2
1110101001
Convert 6000 (base 10) to base 6.
43440
Convert -299a (base 14) to base 4.
-1303130
-688 (base 12) to base 5
-12333
What is 20952 (base 11) in base 5?
1433203
What is -321600 (base 7) in base 6?
-1110340
Convert -10000000110 (base 2) to base 11.
-857
960 (base 10) to base 4
33000
Convert -112130 (base 4) to base 5.
-21221
Convert -c251 (base 13) to base 12.
-135a8
What is 73a (base 11) in base 4?
31322
What is -22012 (base 4) in base 7?
-1612
-520 (base 11) to base 3
-212020
What is 333120 (base 4) in base 14?
169a
286 (base 11) to base 3
110110
What is 11423 (base 6) in base 5?
23141
What is -6b37 (base 12) in base 10?
-11995
212511 (base 6) to base 14
6519
What is 6a6 (base 16) in base 3?
2100001
Convert -9a25 (base 12) to base 10.
-17021
Convert 2aa (base 15) to base 16.
262
Convert 120010002 (base 3) to base 9.
16102
Convert 574 (base 13) to base 15.
42a
What is -21220 (base 5) in base 3?
-1222011
What is -356 (base 8) in base 15?
-10d
2228 (base 9) to base 14
858
Convert 1131433 (base 5) to base 10.
20868
-10000011001101010 (base 2) to base 3
-10102011002
Convert -122322 (base 4) to base 9.
-2323
Convert 90a (base 13) to base 10.
1531
Convert -2589 (base 13) to base 2.
-1010011101000
What is -9427 (base 13) in base 6?
-234454
Convert -32002 (base 4) to base 14.
-482
Convert 55623 (base 8) to base 2.
101101110010011
Convert -5424 (base 8) to base 6.
-21044
-802 (base 16) to base 10
-2050
Convert 319a (base 11) to base 7.
15212
1288a (base 14) to base 13
179a3
What is 344 (base 10) in base 8?
530
What is 111 (base 14) in base 7?
421
What is -2211 (base 4) in base 14?
-bb
11300301 (base 4) to base 2
101110000110001
-c0 (base 15) to base 4
-2310
Convert -3142 (base 6) to base 7.
-2033
What is -40572 (base 8) in base 2?
-100000101111010
Convert -5142 (base 7) to base 14.
-922
1663 (base 9) to base 7
3465
What is -2be7 (base 15) in base 13?
-43b4
Convert 41516 (base 9) to base 13.
c612
What is -48f8 (base 16) in base 5?
-1044210
Convert 13926 (base 10) to base 15.
41d6
What is -1031 (base 4) in base 6?
-205
What is 330100 (base 5) in base 16?
2c0b
3ab (base 12) to base 5
4223
110000100 (base 2) to base 12
284
Convert 1010111000000 (base 2) to base 7.
22143
What is 445 (base 11) in base 12?
385
1189 (base 12) to base 3
2201020
-1000001101 (base 2) to base 13
-315
21120 (base 4) to base 13
372
-c4c (base 14) to base 10
-2420
What is -3c80 (base 14) in base 11?
-8044
1523 (base 10) to base 8
2763
-e86 (base 16) to base 3
-12002201
Convert -2031 (base 6) to base 13.
-289
Convert 52b4 (base 15) to base 12.
a15a
What is 413330 (base 5) in base 6?
142530
a55 (base 11) to base 5
20040
Convert -66a8 (base 11) to base 12.
-513a
-5131 (base 6) to base 12
-7a7
Convert -a4b (base 14) to base 11.
-1583
What is -1897 (base 15) in base 8?
-12305
2322014 (base 5) to base 14
114d8
-56551 (base 9) to base 14
-d9dc
Convert 30422 (base 5) to base 8.
3703
Convert 235 (base 13) to base 16.
17e
Convert -110211111 (base 3) to base 8.
-22213
What is 3517 (base 8) in base 14?
979
-7b2b (base 15) to base 6
-321005
Convert 1300 (base 10) to base 9.
1704
What is 13053 (base 7) in base 6?
24020
10122 (base 5) to base 15
2e2
What is -10010001110 (base 2) in base 12?
-812
6003 (base 9) to base 11
331a
What is -1303123 (base 5) in base 2?
-110001101000101
Convert -1110010 (base 2) to base 3.
-11020
322 (base 4) to base 10
58
25 (base 11) to base 5
102
1023223 (base 4) to base 8
11353
What is -210320 (base 5) in base 9?
-10483
What is -1e8d (base 15) in base 5?
-203113
Convert -1110000 (base 2) to base 14.
-80
1884 (base 14) to base 9
6060
Convert -5ed (base 16) to base 9.
-2065
What is -26ab1 (base 12) in base 8?
-150245
Convert -4657 (base 8) to base 3.
-10101211
-9409 (base 16) to base 14
-db4d
What is 102 (base 11) in base 4?
1323
Convert 1582 (base 13) to base 14.
120c
-24122 (base 5) to base 13
-a76
What is 32528 (base 10) in base 5?
2020103
13024 (base 5) to base 16
3f6
-1388 (base 13) to base 6
-21012
Convert -1011111000001111 (base 2) to base 8.
-137017
What is -1060 (base 8) in base 16?
-230
Convert 1334330 (base 5) to base 14.
a01b
14d1c (base 14) to base 7
304335
-1300141 (base 5) to base 7
-133010
Convert 155 (base 8) to base 11.
9a
What is 25635 (base 7) in base 12?
3b59
88 (base 16) to base 3
12001
What is -27456 (base 12) in base 9?
-82323
Convert -605 (base 8) to base 11.
-324
Convert -1514 (base 10) to base 13.
-8c6
Convert 787 (base 16) to base 6.
12531
What is -2135 (base 10) in base 11?
-1671
12300 (base 7) to base 5
100414
a1d (base 15) to base 11
1791
Convert 1121 (base 7) to base 14.
211
Convert a19 (base 15) to base 14.
b86
Convert -7abc (base 13) to base 9.
-25557
What is 16305 (base 9) in base 14?
410b
Convert -73 (base 12) to base 4.
-1113
What is -1211 (base 3) in base 4?
-301
c8c (base 16) to base 11
2460
What is 589 (base 13) in base 11?
7a1
Convert 181 (base 9) to base 10.
154
What is -15a2 (base 14) in base 6?
-25522
4bab (base 16) to base 13
8a81
Convert 1102121110 (base 3) to base 12.
14356
-228 (base 10) to base 14
-124
-507c (base 15) to base 4
-10021200
Convert 600 (base 9) to base 6.
2130
What is 318 (base 9) in base 2?
100000100
Convert -11c54 (base 13) to base 3.
-1200001212
776 (base 11) to base 2
1110100010
What is 56d (base 14) in base 11?
89a
Convert 41 (base 13) to base 9.
58
What is -4b95 (base 15) in base 13?
-7448
Convert 20200200 (base 3) to base 2.
1001100001110
What is -977b (base 13) in base 2?
-101001001000010
What is 112 (base 5) in base 3?
1012
Convert 21145 (base 6) to base 3.
10221102
Convert 15234 (base 13) to base 10.
39927
Convert 101011111 (base 2) to base 12.
253
-1001110101 (base 2) to base 12
-445
Convert -28 (base 14) to base 2.
-100100
Convert -848 (base 10) to base 14.
-448
What is ce7f (base 16) in base 9?
80456
What is -705 (base 12) in base 9?
-1345
11011 (base 4) to base 16
145
1815 (base 15) to base 7
21101
331210 (base 4) to base 2
111101100100
What is -2368 (base 12) in base 9?
-5388
Convert -12b22 (base 14) to base 16.
-b40a
What is -1101203 (base 4) in base 12?
-302b
What is -2010 (base 3) in base 7?
-111
What is -5060 (base 9) in base 15?
-1169
What is -10100100 (base 2) in base 15?
-ae
Convert 66414 (base 7) to base 2.
100000100011111
Convert -638 (base 10) 